{"id":631,"date":"2021-05-25T13:57:54","date_gmt":"2021-05-25T10:57:54","guid":{"rendered":"https:\/\/epood.ids80.ee\/?post_type=product&#038;p=631"},"modified":"2021-12-22T18:54:16","modified_gmt":"2021-12-22T15:54:16","slug":"dibal-d900-iseteeninduskaal","status":"publish","type":"product","link":"https:\/\/epood.ids.ee\/?product=dibal-d900-iseteeninduskaal","title":{"rendered":"DIBAL D900 Iseteeninduskaal"},"content":{"rendered":"<p>Dibal D-900 seeria iseteenindusskaalad jaem\u00fc\u00fcgikaalud on kergesti kasutatavad ning neid \u00fchendada teiste kaaludega v\u00f5i programmidega andmete ja uuenduste saatmiseks ja vastuv\u00f5tmiseks.<\/p>\n<ul>\n<li>V\u00e4rviline 12,1-tolline puutetundlik TFT ekraan<\/li>\n<li>54 mm termoprinter<\/li>\n<li>Kuni 999 otseklahv<\/li>\n<li>Etiketiga printer<\/li>\n<li>Koosk\u00f5las UE m\u00e4\u00e4rusega nr 1169\/2011 (toidualase teabe esitamine kohta tarbijatele)<\/li>\n<li>Tootekoodi otsing koodi v\u00f5i nime j\u00e4rgi<\/li>\n<li>WiFi<\/li>\n<li>Multirange (3000 jaotust): 6 kg\/2 g \u2013 15 kg\/5 g<\/li>\n<li>Plaadi suurus (ilma jalata): Pikkus 360 x\u00a0 Laius 260 mm<\/li>\n<li>Plaadi suurus (jalaga): Pikkus 360 x\u00a0 Laius 280 mm<\/li>\n<\/ul>\n","protected":false},"excerpt":{"rendered":"<p>Dibal D-900 seeria iseteenindusskaalad jaem\u00fc\u00fcgikaalud on kergesti kasutatavad ning neid \u00fchendada teiste kaaludega v\u00f5i programmidega andmete ja uuenduste saatmiseks ja vastuv\u00f5tmiseks. V\u00e4rviline 12,1-tolline puutetundlik TFT ekraan 54 mm termoprinter Kuni 999 otseklahv Etiketiga printer Koosk\u00f5las UE m\u00e4\u00e4rusega nr 1169\/2011 (toidualase teabe esitamine kohta tarbijatele) Tootekoodi otsing koodi v\u00f5i nime j\u00e4rgi WiFi Multirange (3000 jaotust): 6&hellip;<\/p>\n","protected":false},"featured_media":632,"template":"","meta":[],"product_cat":[57],"product_tag":[],"class_list":{"0":"post-631","1":"product","2":"type-product","3":"status-publish","4":"has-post-thumbnail","6":"product_cat-kaalud","8":"first","9":"onbackorder","10":"taxable","11":"shipping-taxable","12":"product-type-simple","13":"col-xs-6 col-sm-4","14":"col-md-3 col-lg-3","15":"un-4-cols"},"_links":{"self":[{"href":"https:\/\/epood.ids.ee\/index.php?rest_route=\/wp\/v2\/product\/631","targetHints":{"allow":["GET"]}}],"collection":[{"href":"https:\/\/epood.ids.ee\/index.php?rest_route=\/wp\/v2\/product"}],"about":[{"href":"https:\/\/epood.ids.ee\/index.php?rest_route=\/wp\/v2\/types\/product"}],"version-history":[{"count":1,"href":"https:\/\/epood.ids.ee\/index.php?rest_route=\/wp\/v2\/product\/631\/revisions"}],"predecessor-version":[{"id":753,"href":"https:\/\/epood.ids.ee\/index.php?rest_route=\/wp\/v2\/product\/631\/revisions\/753"}],"wp:featuredmedia":[{"embeddable":true,"href":"https:\/\/epood.ids.ee\/index.php?rest_route=\/wp\/v2\/media\/632"}],"wp:attachment":[{"href":"https:\/\/epood.ids.ee\/index.php?rest_route=%2Fwp%2Fv2%2Fmedia&parent=631"}],"wp:term":[{"taxonomy":"product_cat","embeddable":true,"href":"https:\/\/epood.ids.ee\/index.php?rest_route=%2Fwp%2Fv2%2Fproduct_cat&post=631"},{"taxonomy":"product_tag","embeddable":true,"href":"https:\/\/epood.ids.ee\/index.php?rest_route=%2Fwp%2Fv2%2Fproduct_tag&post=631"}],"curies":[{"name":"wp","href":"https:\/\/api.w.org\/{rel}","templated":true}]}}