{"id":690,"date":"2021-05-27T12:17:05","date_gmt":"2021-05-27T09:17:05","guid":{"rendered":"https:\/\/epood.ids80.ee\/?post_type=product&#038;p=690"},"modified":"2021-12-22T18:57:28","modified_gmt":"2021-12-22T15:57:28","slug":"honeywell-pc42d-high-speed-etiketiprinter","status":"publish","type":"product","link":"https:\/\/epood.ids.ee\/?product=honeywell-pc42d-high-speed-etiketiprinter","title":{"rendered":"Honeywell PC42d High Speed etiketiprinter"},"content":{"rendered":"<ul>\n<li>Termotr\u00fckk<\/li>\n<li>Meedia laius 110mm (max)<\/li>\n<li>Printimis laius 104mm (max)<\/li>\n<li>Meedia rulli paksus 127mm<\/li>\n<li>Printimis kiirus 100 mm\/s (max)<\/li>\n<li>USB 2.0<\/li>\n<li>Ethernet<\/li>\n<li>M\u00e4lu RAM 64 MB, Flash 128 MB<\/li>\n<li>T\u00f6\u00f6temperatuur 5\u00b0C to 40\u00b0C<\/li>\n<\/ul>\n<p>&nbsp;<\/p>\n","protected":false},"excerpt":{"rendered":"<p>Termotr\u00fckk Meedia laius 110mm (max) Printimis laius 104mm (max) Meedia rulli paksus 127mm Printimis kiirus 100 mm\/s (max) USB 2.0 Ethernet M\u00e4lu RAM 64 MB, Flash 128 MB T\u00f6\u00f6temperatuur 5\u00b0C to 40\u00b0C &nbsp;<\/p>\n","protected":false},"featured_media":692,"template":"","meta":[],"product_cat":[46],"product_tag":[],"class_list":{"0":"post-690","1":"product","2":"type-product","3":"status-publish","4":"has-post-thumbnail","6":"product_cat-etiketiprinterid","8":"first","9":"onbackorder","10":"taxable","11":"shipping-taxable","12":"product-type-simple","13":"col-xs-6 col-sm-4","14":"col-md-3 col-lg-3","15":"un-4-cols"},"_links":{"self":[{"href":"https:\/\/epood.ids.ee\/index.php?rest_route=\/wp\/v2\/product\/690","targetHints":{"allow":["GET"]}}],"collection":[{"href":"https:\/\/epood.ids.ee\/index.php?rest_route=\/wp\/v2\/product"}],"about":[{"href":"https:\/\/epood.ids.ee\/index.php?rest_route=\/wp\/v2\/types\/product"}],"version-history":[{"count":3,"href":"https:\/\/epood.ids.ee\/index.php?rest_route=\/wp\/v2\/product\/690\/revisions"}],"predecessor-version":[{"id":699,"href":"https:\/\/epood.ids.ee\/index.php?rest_route=\/wp\/v2\/product\/690\/revisions\/699"}],"wp:featuredmedia":[{"embeddable":true,"href":"https:\/\/epood.ids.ee\/index.php?rest_route=\/wp\/v2\/media\/692"}],"wp:attachment":[{"href":"https:\/\/epood.ids.ee\/index.php?rest_route=%2Fwp%2Fv2%2Fmedia&parent=690"}],"wp:term":[{"taxonomy":"product_cat","embeddable":true,"href":"https:\/\/epood.ids.ee\/index.php?rest_route=%2Fwp%2Fv2%2Fproduct_cat&post=690"},{"taxonomy":"product_tag","embeddable":true,"href":"https:\/\/epood.ids.ee\/index.php?rest_route=%2Fwp%2Fv2%2Fproduct_tag&post=690"}],"curies":[{"name":"wp","href":"https:\/\/api.w.org\/{rel}","templated":true}]}}