{"id":711,"date":"2021-05-27T16:36:17","date_gmt":"2021-05-27T13:36:17","guid":{"rendered":"https:\/\/epood.ids80.ee\/?post_type=product&#038;p=711"},"modified":"2021-12-23T10:11:08","modified_gmt":"2021-12-23T07:11:08","slug":"elo-1517l","status":"publish","type":"product","link":"https:\/\/epood.ids.ee\/?product=elo-1517l","title":{"rendered":"Elo 1517L"},"content":{"rendered":"<ul>\n<li>15&#8243; puutetundlik monitor (4:3)<\/li>\n<li>Ekraani diagonaal 38,1 cm<\/li>\n<li>Resolutsioon 1024&#215;768<\/li>\n<li>Heledus 225cd<\/li>\n<li>Kontrast 700:1<\/li>\n<li>iTouch<\/li>\n<li>Kaasas olevad kaablid USB, VGA, Audio, toitejuhe<\/li>\n<li>Vaatanurk 160\/140\u00b0(H\/V)<\/li>\n<li>\u00dchenduse t\u00fc\u00fcp VGA<\/li>\n<li>V\u00e4rvus must<\/li>\n<\/ul>\n","protected":false},"excerpt":{"rendered":"<p>15&#8243; puutetundlik monitor (4:3) Ekraani diagonaal 38,1 cm Resolutsioon 1024&#215;768 Heledus 225cd Kontrast 700:1 iTouch Kaasas olevad kaablid USB, VGA, Audio, toitejuhe Vaatanurk 160\/140\u00b0(H\/V) \u00dchenduse t\u00fc\u00fcp VGA V\u00e4rvus must<\/p>\n","protected":false},"featured_media":777,"template":"","meta":[],"product_cat":[20],"product_tag":[],"class_list":{"0":"post-711","1":"product","2":"type-product","3":"status-publish","4":"has-post-thumbnail","6":"product_cat-ekraanid","8":"first","9":"onbackorder","10":"taxable","11":"shipping-taxable","12":"product-type-simple","13":"col-xs-6 col-sm-4","14":"col-md-3 col-lg-3","15":"un-4-cols"},"_links":{"self":[{"href":"https:\/\/epood.ids.ee\/index.php?rest_route=\/wp\/v2\/product\/711","targetHints":{"allow":["GET"]}}],"collection":[{"href":"https:\/\/epood.ids.ee\/index.php?rest_route=\/wp\/v2\/product"}],"about":[{"href":"https:\/\/epood.ids.ee\/index.php?rest_route=\/wp\/v2\/types\/product"}],"version-history":[{"count":2,"href":"https:\/\/epood.ids.ee\/index.php?rest_route=\/wp\/v2\/product\/711\/revisions"}],"predecessor-version":[{"id":792,"href":"https:\/\/epood.ids.ee\/index.php?rest_route=\/wp\/v2\/product\/711\/revisions\/792"}],"wp:featuredmedia":[{"embeddable":true,"href":"https:\/\/epood.ids.ee\/index.php?rest_route=\/wp\/v2\/media\/777"}],"wp:attachment":[{"href":"https:\/\/epood.ids.ee\/index.php?rest_route=%2Fwp%2Fv2%2Fmedia&parent=711"}],"wp:term":[{"taxonomy":"product_cat","embeddable":true,"href":"https:\/\/epood.ids.ee\/index.php?rest_route=%2Fwp%2Fv2%2Fproduct_cat&post=711"},{"taxonomy":"product_tag","embeddable":true,"href":"https:\/\/epood.ids.ee\/index.php?rest_route=%2Fwp%2Fv2%2Fproduct_tag&post=711"}],"curies":[{"name":"wp","href":"https:\/\/api.w.org\/{rel}","templated":true}]}}