{"id":77,"date":"2021-04-26T11:16:43","date_gmt":"2021-04-26T08:16:43","guid":{"rendered":"https:\/\/epood.ids80.ee\/?post_type=product&#038;p=77"},"modified":"2021-12-23T10:26:02","modified_gmt":"2021-12-23T07:26:02","slug":"iiyama-prolite-t1521msc","status":"publish","type":"product","link":"https:\/\/epood.ids.ee\/?product=iiyama-prolite-t1521msc","title":{"rendered":"Iiyama ProLite T1521MSC"},"content":{"rendered":"<ul>\n<li>15&#8243; puutetundlik monitor (4:3)<\/li>\n<li>Ekraani diagonaal 38.1 cm<\/li>\n<li>Resolutsioon 1024&#215;768<\/li>\n<li>Heledus 305cd<\/li>\n<li>Kontrast 800:1<\/li>\n<li>Kaasas olevad kaablid USB, VGA, Audio, toitejuhe<\/li>\n<li>Vaatanurk 160\/160\u00b0(H\/V)<\/li>\n<li>\u00dchenduse t\u00fc\u00fcp VGA<\/li>\n<li>V\u00e4rvus must<\/li>\n<li>Sisseehitatud k\u00f5larid<\/li>\n<\/ul>\n","protected":false},"excerpt":{"rendered":"<p>15&#8243; puutetundlik monitor (4:3) Ekraani diagonaal 38.1 cm Resolutsioon 1024&#215;768 Heledus 305cd Kontrast 800:1 Kaasas olevad kaablid USB, VGA, Audio, toitejuhe Vaatanurk 160\/160\u00b0(H\/V) \u00dchenduse t\u00fc\u00fcp VGA V\u00e4rvus must Sisseehitatud k\u00f5larid<\/p>\n","protected":false},"featured_media":78,"template":"","meta":[],"product_cat":[20],"product_tag":[],"class_list":{"0":"post-77","1":"product","2":"type-product","3":"status-publish","4":"has-post-thumbnail","6":"product_cat-ekraanid","8":"first","9":"onbackorder","10":"taxable","11":"shipping-taxable","12":"product-type-simple","13":"col-xs-6 col-sm-4","14":"col-md-3 col-lg-3","15":"un-4-cols"},"_links":{"self":[{"href":"https:\/\/epood.ids.ee\/index.php?rest_route=\/wp\/v2\/product\/77","targetHints":{"allow":["GET"]}}],"collection":[{"href":"https:\/\/epood.ids.ee\/index.php?rest_route=\/wp\/v2\/product"}],"about":[{"href":"https:\/\/epood.ids.ee\/index.php?rest_route=\/wp\/v2\/types\/product"}],"version-history":[{"count":2,"href":"https:\/\/epood.ids.ee\/index.php?rest_route=\/wp\/v2\/product\/77\/revisions"}],"predecessor-version":[{"id":806,"href":"https:\/\/epood.ids.ee\/index.php?rest_route=\/wp\/v2\/product\/77\/revisions\/806"}],"wp:featuredmedia":[{"embeddable":true,"href":"https:\/\/epood.ids.ee\/index.php?rest_route=\/wp\/v2\/media\/78"}],"wp:attachment":[{"href":"https:\/\/epood.ids.ee\/index.php?rest_route=%2Fwp%2Fv2%2Fmedia&parent=77"}],"wp:term":[{"taxonomy":"product_cat","embeddable":true,"href":"https:\/\/epood.ids.ee\/index.php?rest_route=%2Fwp%2Fv2%2Fproduct_cat&post=77"},{"taxonomy":"product_tag","embeddable":true,"href":"https:\/\/epood.ids.ee\/index.php?rest_route=%2Fwp%2Fv2%2Fproduct_tag&post=77"}],"curies":[{"name":"wp","href":"https:\/\/api.w.org\/{rel}","templated":true}]}}